{"id":97,"date":"2026-01-16T00:32:46","date_gmt":"2026-01-15T23:32:46","guid":{"rendered":"https:\/\/le-niveau-baisse.fr\/?page_id=97"},"modified":"2026-02-04T10:37:24","modified_gmt":"2026-02-04T09:37:24","slug":"ou","status":"publish","type":"page","link":"https:\/\/le-niveau-baisse.fr\/index.php\/ou\/","title":{"rendered":"O\u00f9 ?"},"content":{"rendered":"<h1><span style=\"color: #008080;\">&#8230; trouver les livres ?<\/span><\/h1>\n<p style=\"text-align: justify;\"><em>(Pr\u00e9sent\u00e9s par ant\u00e9riorit\u00e9 de parution)<\/em><span style=\"color: #008080;\"><strong><\/p>\n<p>\u2022 De Francis MIZIO :\u00a0<\/strong><\/span><\/p>\n<p style=\"text-align: justify;\"><span style=\"color: #008080;\"><strong><em>Ces mots dits volatils<\/em><\/strong><\/span><br \/>\n<a href=\"https:\/\/le-niveau-baisse.fr\/index.php\/2026\/01\/15\/ces-mots-dits-volatils-francis-mizio\/\" target=\"_blank\" rel=\"noopener\">&gt; voir pr\u00e9sentation.<\/a><br \/>\n250 p. format 13\u00d720. En outre, un site web d&rsquo;acc\u00e8s gratuit le compl\u00e8te, <a href=\"https:\/\/ultimate-small-talk-database.francis-mizio.net\/ultimate-small-talk-database\/\" target=\"_blank\" rel=\"noopener\">l\u2019Ultimate Small Talk Database<\/a>, consacr\u00e9 au<em>\u00a0small talk<\/em>\u00a0de comp\u00e9tition.<br \/>\nIl co\u00fbte <span style=\"color: #ff0000;\">20\u20ac chez Amazon<\/span>. On peut l\u2019acqu\u00e9rir (avec d\u00e9dicace sur demande) en <a href=\"mailto:francismizio@wanadoo.fr\">\u00e9crivant \u00e0 l&rsquo;auteur<\/a>\u00a0pour\u00a0envoi de RIB, par\u00a0<a href=\"https:\/\/www.paypal.com\/paypalme\/FrancisMizio\/19\" target=\"_blank\" rel=\"noopener\">Paypal<\/a>\u00a0o\u00f9 il ne co\u00fbtera que 19 \u20ac (envoi en Mondial Relay si possible \u00e0 cause des nouveaux tarifs de la Poste \u2014 laissez-votre adresse postale !) ou directement\u00a0<a href=\"https:\/\/www.amazon.fr\/dp\/B0GCTFBLH9\/ref=sr_1_6?__mk_fr_FR=%C3%85M%C3%85%C5%BD%C3%95%C3%91&amp;crid=LJP3QIUZYHGM&amp;dib=eyJ2IjoiMSJ9.MHSS5jEUpqMZY7Y1DFfsJcJlGPtCR39OuY6wm7PNxNGzJvEfupqZgF9fqQ9bH3wNbzOkP5WKG7DYMzIp3-Z6KSjCu2wk6PlJ740uIgaeTRHhqamyR8R2TRJjkZCVWlugSWceQGHnbuSa68S8D7B300pA26e6TrpjcgGxiVWPec26HLxKIxAp51NxoaZwCcttVDFXH8IvoNeJ9U1pgnOqH4gt94uXVTZLpDuy-2kGickq1pXMQSlSZK-eW5SOeDxjDa3xj3y3tUliyl3NpVswugVdIzdBStcJM5IWwH3st-I.Bsgxl9OkrXPsL6t7g_9HPRPSh7MHIUcPrCm5Tj9jc3E&amp;dib_tag=se&amp;keywords=Francis+Mizio&amp;qid=1766845743&amp;sprefix=francis+mizi%2Caps%2C233&amp;sr=8-6\" target=\"_blank\" rel=\"noopener\">chez Amazon<\/a> (Livraison gratuite possible en points de retrait \u00e9ligibles \u00e9galement, \u00e0 s\u00e9lectionner lors du paiement).<\/p>\n<p><span style=\"color: #008080;\"><strong><em>Eug\u00e9nie Delune \u2014 Introspective, prospectives, perspectives, introspectives<br \/>\n<\/em><\/strong><\/span><a href=\"https:\/\/le-niveau-baisse.fr\/index.php\/2026\/01\/15\/eugenie-delune-introspective-prospectives-perspectives-introspectives-de-francis-mizio\/\" target=\"_blank\" rel=\"noopener\">&gt; voir pr\u00e9sentation.<\/a><br \/>\nMonographie parodique \u00ab\u00a0beau livre\u00a0\u00bb. Il reste 7 exemplaires. <span style=\"color: #ff0000;\">Vendu directement chez l&rsquo;auteur : 22 \u20ac<\/span>. &gt; <a href=\"mailto:francismizio@wanadoo.fr\">\u00e9crivez \u00e0 l&rsquo;auteur<\/a>.<\/p>\n<p><span style=\"color: #008080;\"><em><strong>Au Lourd d\u00e9lire des lianes<br \/>\n<\/strong><\/em><\/span><a href=\"https:\/\/tribu-macroqa.francis-mizio.net\/tribu-macroqa\/\" target=\"_blank\" rel=\"noopener\">&gt; Voir le site web d\u00e9di\u00e9<\/a><br \/>\n<span style=\"color: #ff0000;\">Vendu directement chez l&rsquo;auteur<\/span>. &gt; <a href=\"mailto:francismizio@wanadoo.fr\">\u00e9crivez \u00e0 l&rsquo;auteur<\/a>.<br \/>\nRoman. &gt; <a href=\"https:\/\/tribu-macroqa.francis-mizio.net\/tribu-macroqa\/obtenir-le-roman\/\" target=\"_blank\" rel=\"noopener\">Voir sur le site web d\u00e9di\u00e9 les promotions r\u00e9guli\u00e8res<\/a>.<\/p>\n<hr \/>\n<p><span style=\"color: #008080;\"><strong>\u2022 De Christian Dufour<\/strong><\/span><\/p>\n<p><em>\u00c9ph\u00e9m\u00e9rides limousines<\/em><br \/>\n<strong>&gt; infos prochainement d\u00e8s la parution.<\/strong><\/p>\n<hr \/>\n<p><span style=\"color: #008080;\"><strong>\u2022 De S.E<\/strong><\/span><\/p>\n<p><em>Titre de roman \u00e0 venir.<\/em><br \/>\n<strong>&gt; infos prochainement d\u00e8s la parution.<\/strong><\/p>\n<hr \/>\n<p><img loading=\"lazy\" decoding=\"async\" class=\"wp-image-178 size-full aligncenter\" src=\"https:\/\/le-niveau-baisse.fr\/wp-content\/uploads\/2026\/01\/LeNiveaubaisse.gif\" alt=\"\" width=\"400\" height=\"224\" \/><\/p>\n<p><img loading=\"lazy\" decoding=\"async\" class=\"aligncenter wp-image-68\" src=\"https:\/\/le-niveau-baisse.fr\/wp-content\/uploads\/2026\/01\/LogoLNB-1024x166-2.png\" alt=\"\" width=\"430\" height=\"70\" srcset=\"https:\/\/le-niveau-baisse.fr\/wp-content\/uploads\/2026\/01\/LogoLNB-1024x166-2.png 1024w, https:\/\/le-niveau-baisse.fr\/wp-content\/uploads\/2026\/01\/LogoLNB-1024x166-2-300x49.png 300w, https:\/\/le-niveau-baisse.fr\/wp-content\/uploads\/2026\/01\/LogoLNB-1024x166-2-768x125.png 768w\" sizes=\"auto, (max-width: 430px) 100vw, 430px\" \/><\/p>\n<p>&nbsp;<\/p>\n<p>&nbsp;<\/p>\n<p>&nbsp;<\/p>\n<p>&nbsp;<\/p>\n<p>&nbsp;<\/p>\n<p>&nbsp;<\/p>\n<p>&nbsp;<\/p>\n<p>&nbsp;<\/p>\n<p>&nbsp;<\/p>\n","protected":false},"excerpt":{"rendered":"<p>&#8230; trouver les livres ? (Pr\u00e9sent\u00e9s par ant\u00e9riorit\u00e9 de parution) \u2022 De Francis MIZIO :\u00a0 Ces mots dits volatils &gt; voir pr\u00e9sentation. 250 p. format 13\u00d720. En outre, un site web d&rsquo;acc\u00e8s gratuit le compl\u00e8te, l\u2019Ultimate Small Talk Database, consacr\u00e9 au\u00a0small talk\u00a0de comp\u00e9tition. Il co\u00fbte 20\u20ac chez Amazon. On peut l\u2019acqu\u00e9rir (avec d\u00e9dicace sur demande) [&hellip;]<\/p>\n","protected":false},"author":1,"featured_media":178,"parent":0,"menu_order":0,"comment_status":"closed","ping_status":"closed","template":"","meta":{"_acf_changed":false,"footnotes":""},"class_list":["post-97","page","type-page","status-publish","has-post-thumbnail","hentry"],"acf":[],"_links":{"self":[{"href":"https:\/\/le-niveau-baisse.fr\/index.php\/wp-json\/wp\/v2\/pages\/97","targetHints":{"allow":["GET"]}}],"collection":[{"href":"https:\/\/le-niveau-baisse.fr\/index.php\/wp-json\/wp\/v2\/pages"}],"about":[{"href":"https:\/\/le-niveau-baisse.fr\/index.php\/wp-json\/wp\/v2\/types\/page"}],"author":[{"embeddable":true,"href":"https:\/\/le-niveau-baisse.fr\/index.php\/wp-json\/wp\/v2\/users\/1"}],"replies":[{"embeddable":true,"href":"https:\/\/le-niveau-baisse.fr\/index.php\/wp-json\/wp\/v2\/comments?post=97"}],"version-history":[{"count":9,"href":"https:\/\/le-niveau-baisse.fr\/index.php\/wp-json\/wp\/v2\/pages\/97\/revisions"}],"predecessor-version":[{"id":296,"href":"https:\/\/le-niveau-baisse.fr\/index.php\/wp-json\/wp\/v2\/pages\/97\/revisions\/296"}],"wp:featuredmedia":[{"embeddable":true,"href":"https:\/\/le-niveau-baisse.fr\/index.php\/wp-json\/wp\/v2\/media\/178"}],"wp:attachment":[{"href":"https:\/\/le-niveau-baisse.fr\/index.php\/wp-json\/wp\/v2\/media?parent=97"}],"curies":[{"name":"wp","href":"https:\/\/api.w.org\/{rel}","templated":true}]}}