{"id":35,"date":"2026-01-15T23:36:40","date_gmt":"2026-01-15T22:36:40","guid":{"rendered":"https:\/\/le-niveau-baisse.fr\/?page_id=35"},"modified":"2026-01-19T12:50:53","modified_gmt":"2026-01-19T11:50:53","slug":"comment","status":"publish","type":"page","link":"https:\/\/le-niveau-baisse.fr\/index.php\/comment\/","title":{"rendered":"Comment ?"},"content":{"rendered":"<h1 style=\"text-align: justify;\"><span style=\"color: #008080;\">&#8230; \u00eatre label\u00e9dit\u00e9(e) chez <em>Le Niveau Baisse<\/em> ?<\/span><\/h1>\n<p style=\"text-align: justify;\">Les \u00c9ditions\u00a0<span style=\"color: #ff0000;\"><strong><em>Le Niveau Baisse<\/em><\/strong><\/span> ne se contentent plus d\u2019\u00e9diter exclusivement cet auteur navrant de <a href=\"https:\/\/le-niveau-baisse.fr\/index.php\/2026\/01\/15\/francis-mizio\/\" target=\"_blank\" rel=\"noopener\">Francis Mizio<\/a>. Elles se sont ouvertes d\u00e9sormais \u00e0 l\u2019\u00e9dition d\u2019ouvrages d\u2019autres autrices et auteurs, et s\u2019appuient, pour la s\u00e9lection des manuscrits, sur deux postulats :<\/p>\n<p style=\"text-align: justify;\">1- On est\u00a0<em>vraiment<\/em> potes (le processus d\u2019entre-soi est d\u00e9sormais port\u00e9 \u00e0 l\u2019incandescence. Nous sommes les premiers \u00e0 le faire et le revendiquer ouvertement. Si vous voulez savoir si vous pouvez \u00eatre \u00e9dit\u00e9(e) chez<strong><em> Le Niveau Baisse<\/em><\/strong>, une seule question pr\u00e9vaut, r\u00e9dhibitoire : est-ce qu\u2019on a d\u00e9j\u00e0 bu au moins un coup ensemble ?<\/p>\n<p style=\"text-align: justify;\">2- Ce que vous \u00e9crivez est de grande qualit\u00e9 et\/ou d\u2019un esprit peu conventionnel (mais vous n\u2019avez pas trouv\u00e9 d\u2019autre \u00e9diteur), et vous assumez pleinement d\u2019\u00eatre sous le label LNB, les conditions d\u2019\u00e9dition et de publication, la philosophie et l\u2019esprit de\u00a0<strong><span style=\"color: #ff0000;\"><em>Le Niveau Baisse<\/em><\/span>.<\/strong>\u00a0Voire : vous avez vous-m\u00eame demand\u00e9 \u00e0 \u00eatre publi\u00e9(e) sous ce label. En effet,\u00a0<em>r\u00e9pondre au point 1 ci-dessus ne suffit pas<\/em>. Si probl\u00e8me avec votre texte : on en parle\u00a0<em>en toute amiti\u00e9.<\/em><\/p>\n<p>&nbsp;<\/p>\n<hr \/>\n<p><img loading=\"lazy\" decoding=\"async\" class=\"wp-image-178 size-full aligncenter\" src=\"https:\/\/le-niveau-baisse.fr\/wp-content\/uploads\/2026\/01\/LeNiveaubaisse.gif\" alt=\"\" width=\"400\" height=\"224\" \/><\/p>\n<p><img loading=\"lazy\" decoding=\"async\" class=\"aligncenter wp-image-68\" src=\"https:\/\/le-niveau-baisse.fr\/wp-content\/uploads\/2026\/01\/LogoLNB-1024x166-2.png\" alt=\"\" width=\"430\" height=\"70\" srcset=\"https:\/\/le-niveau-baisse.fr\/wp-content\/uploads\/2026\/01\/LogoLNB-1024x166-2.png 1024w, https:\/\/le-niveau-baisse.fr\/wp-content\/uploads\/2026\/01\/LogoLNB-1024x166-2-300x49.png 300w, https:\/\/le-niveau-baisse.fr\/wp-content\/uploads\/2026\/01\/LogoLNB-1024x166-2-768x125.png 768w\" sizes=\"auto, (max-width: 430px) 100vw, 430px\" \/><\/p>\n<p>&nbsp;<\/p>\n<p>&nbsp;<\/p>\n<p>&nbsp;<\/p>\n<p>&nbsp;<\/p>\n<p>&nbsp;<\/p>\n<p>&nbsp;<\/p>\n<p>&nbsp;<\/p>\n<p>&nbsp;<\/p>\n<p>&nbsp;<\/p>\n","protected":false},"excerpt":{"rendered":"<p>&#8230; \u00eatre label\u00e9dit\u00e9(e) chez Le Niveau Baisse ? Les \u00c9ditions\u00a0Le Niveau Baisse ne se contentent plus d\u2019\u00e9diter exclusivement cet auteur navrant de Francis Mizio. Elles se sont ouvertes d\u00e9sormais \u00e0 l\u2019\u00e9dition d\u2019ouvrages d\u2019autres autrices et auteurs, et s\u2019appuient, pour la s\u00e9lection des manuscrits, sur deux postulats : 1- On est\u00a0vraiment potes (le processus d\u2019entre-soi est [&hellip;]<\/p>\n","protected":false},"author":1,"featured_media":178,"parent":0,"menu_order":0,"comment_status":"closed","ping_status":"closed","template":"","meta":{"_acf_changed":false,"footnotes":""},"class_list":["post-35","page","type-page","status-publish","has-post-thumbnail","hentry"],"acf":[],"_links":{"self":[{"href":"https:\/\/le-niveau-baisse.fr\/index.php\/wp-json\/wp\/v2\/pages\/35","targetHints":{"allow":["GET"]}}],"collection":[{"href":"https:\/\/le-niveau-baisse.fr\/index.php\/wp-json\/wp\/v2\/pages"}],"about":[{"href":"https:\/\/le-niveau-baisse.fr\/index.php\/wp-json\/wp\/v2\/types\/page"}],"author":[{"embeddable":true,"href":"https:\/\/le-niveau-baisse.fr\/index.php\/wp-json\/wp\/v2\/users\/1"}],"replies":[{"embeddable":true,"href":"https:\/\/le-niveau-baisse.fr\/index.php\/wp-json\/wp\/v2\/comments?post=35"}],"version-history":[{"count":11,"href":"https:\/\/le-niveau-baisse.fr\/index.php\/wp-json\/wp\/v2\/pages\/35\/revisions"}],"predecessor-version":[{"id":230,"href":"https:\/\/le-niveau-baisse.fr\/index.php\/wp-json\/wp\/v2\/pages\/35\/revisions\/230"}],"wp:featuredmedia":[{"embeddable":true,"href":"https:\/\/le-niveau-baisse.fr\/index.php\/wp-json\/wp\/v2\/media\/178"}],"wp:attachment":[{"href":"https:\/\/le-niveau-baisse.fr\/index.php\/wp-json\/wp\/v2\/media?parent=35"}],"curies":[{"name":"wp","href":"https:\/\/api.w.org\/{rel}","templated":true}]}}